the hundred thousands digit of 459470402?
4
What is the hundreds digit of 627591407?
4
What is the hundreds digit of 880493147?
1
What is the tens digit of 110951165?
6
What is the ten thousands digit of 1334122413?
2
What is the millions digit of 514154442?
4
What is the millions digit of 31454093?
1
What is the tens digit of 100071207?
0
What is the ten millions digit of 17319280?
1
What is the units digit of 71045190?
0
What is the hundreds digit of 638315370?
3
What is the ten thousands digit of 610574741?
7
What is the millions digit of 3595235336?
5
What is the tens digit of 256515657?
5
What is the hundred thousands digit of 1746829409?
8
What is the ten thousands digit of 55589287?
8
What is the hundred millions digit of 399618747?
3
What is the tens digit of 1532458785?
8
What is the ten millions digit of 84459163?
8
What is the ten millions digit of 1235452296?
3
What is the units digit of 36635580?
0
What is the hundreds digit of 615590765?
7
What is the hundred millions digit of 106925325?
1
What is the thousands digit of 324858335?
8
What is the thousands digit of 38726204?
6
What is the ten thousands digit of 1462944?
6
What is the hundred thousands digit of 137531121?
5
What is the hundred millions digit of 522657135?
5
What is the tens digit of 452075041?
4
What is the ten millions digit of 201130507?
0
What is the hundred thousands digit of 92550415?
5
What is the thousands digit of 67704376?
4
What is the hundred millions digit of 122637767?
1
What is the ten thousands digit of 1182843684?
4
What is the hundred thousands digit of 18716765?
7
What is the units digit of 1185767771?
1
What is the thousands digit of 1798066022?
6
What is the tens digit of 98906783?
8
What is the units digit of 293151533?
3
What is the ten millions digit of 21631146?
2
What is the units digit of 12779102?
2
What is the thousands digit of 71773219?
3
What is the hundreds digit of 1555774631?
6
What is the hundred thousands digit of 735196767?
1
What is the tens digit of 2728379533?
3
What is the hundred millions digit of 1096588946?
0
What is the hundred thousands digit of 260909593?
9
What is the millions digit of 6346514720?
6
What is the units digit of 7414516?
6
What is the hundreds digit of 164197376?
3
What is the millions digit of 61183507?
1
What is the ten millions digit of 258296540?
5
What is the hundreds digit of 1674567?
5
What is the hundred thousands digit of 5458757254?
7
What is the hundred millions digit of 294862796?
2
What is the hundred thousands digit of 111880522?
8
What is the billions digit of 5364222509?
5
What is the hundred thousands digit of 18338037?
3
What is the tens digit of 52350820?
2
What is the ten millions digit of 29077046?
2
What is the millions digit of 844106625?
4
What is the tens digit of 1390164806?
0
What is the millions digit of 320774267?
0
What is the hundred millions digit of 265772715?
2
What is the thousands digit of 159887826?
7
What is the thousands digit of 2025766907?
6
What is the thousands digit of 1116286740?
6
What is the ten thousands digit of 32327982?
2
What is the hundreds digit of 42201499?
4
What is the ten thousands digit of 214588362?
8
What is the tens digit of 437640111?
1
What is the ten millions digit of 295276222?
9
What is the units digit of 379836161?
1
What is the hundreds digit of 233210572?
5
What is the hundreds digit of 126621534?
5
What is the ten thousands digit of 37798146?
9
What is the millions digit of 909955251?
9
What is the hundred thousands digit of 364142420?
1
What is the tens digit of 54416044?
4
What is the millions digit of 4348656924?
8
What is the hundreds digit of 106712011?
0
What is the ten thousands digit of 35535891?
3
What is the ten millions digit of 552831400?
5
What is the tens digit of 288365692?
9
What is the millions digit of 10004816?
0
What is the hundred millions digit of 1237052896?
2
What is the tens digit of 1718468664?
6
What is the tens digit of 382301741?
4
What is the hundred millions digit of 3057603040?
0
What is the units digit of 114762251?
1
What is the ten millions digit of 238993657?
3
What is the ten millions digit of 109821665?
0
What is the millions digit of 921919850?
1
What is the hundreds digit of 6578321385?
3
What is the tens digit of 1400116765?
6
What is the hundreds digit of 390918996?
9
What is the units digit of 118649088?
8
What is the thousands digit of 41864002?
4
What is the units digit of 356740156?
6
What is the ten millions digit of 52025164?
5
What is the hundred thousands digit of 36758078?
7
What is the thousands digit of 517785299?
5
What is the hundred thousands digit of 3029563258?
5
What is the units digit of 375855145?
5
What is the units digit of 338764408?
8
What is the tens digit of 344518551?
5
What is the thousands digit of 837367430?
7
What is the hundred thousands digit of 400532558?
5
What is the millions digit of 55067217?
5
What is the hundred millions digit of 717165323?
7
What is the units digit of 65084495?
5
What is the units digit of 722447220?
0
What is the ten thousands digit of 1649260584?
6
What is the units digit of 1194352861?
1
What is the tens digit of 107775841?
4
What is the tens digit of 224524415?
1
What is the ten thousands digit of 417330378?
3
What is the thousands digit of 54739465?
9
What is the units digit of 818542399?
9
What is the tens digit of 1439570816?
1
What is the thousands digit of 130842978?
2
What is the ten millions digit of 211682812?
1
What is the hundred thousands digit of 39779596?
7
What is the hundred thousands digit of 320140599?
1
What is the hundreds digit of 3062618375?
3
What is the units digit of 6818248?
8
What is the millions digit of 1444748142?
4
What is the hundred thousands digit of 981967634?
9
What is the thousands digit of 167833712?
3
What is the thousands digit of 557671358?
1
What is the hundred thousands digit of 1469598769?
5
What is the millions digit of 16518854?
6
What is the hundred millions digit of 4755299115?
7
What is the hundred thousands digit of 1091581376?
5
What is the thousands digit of 1383247251?
7
What is the ten thousands digit of 75956575?
5
What is the ten millions digit of 15283797?
1
What is the hundred thousands digit of 58910510?
9
What is the billions digit of 2842995080?
2
What is the tens digit of 133032063?
6
What is the millions digit of 75489633?
5
What is the ten millions digit of 69220592?
6
What is the ten thousands digit of 16224650?
2
What is the ten thousands digit of 22272210?
7
What is the hundreds digit of 69394119?
1
What is the ten millions digit of 1384818808?
8
What is the ten thousands digit of 1995317514?
1
What is the ten millions digit of 47727979?
4
What is the ten millions digit of 245873860?
4
What is the tens digit of 18101728?
2
What is the hundreds digit of 118903814?
8
What is the hundred thousands digit of 39392828?
3
What is the hundred millions digit of 2177405461?
1
What is the millions digit of 22327734?
2
What is the thousands digit of 223219540?
9
What is the units digit of 551628076?
6
What is the units digit of 48175731?
1
What is the tens digit of 1811232766?
6
What is the hundred thousands digit of 1604875618?
8
What is the ten thousands digit of 204917961?
1
What is the ten thousands digit of 41197596?
9
What is the units digit of 117466688?
8
What is the tens digit of 948101796?
9
What is the ten thousands digit of 2887256479?
5
What is the hundred millions digit of 4311014633?
3
What is the millions digit of 4322717363?
2
What is the tens digit of 551741941?
4
What is the millions digit of 4380974048?
0
What is the hundreds digit of 61330954?
9
What is the units digit of 1479290?
0
What is the millions digit of 1092509111?
2
What is the ten thousands digit of 202984208?
8
What is the ten millions digit of 12627755?
1
What is the hundred millions digit of 670968569?
6
What is the hundreds digit of 31638518?
5
What is the millions digit of 15407230?
5
What is the tens digit of 3387579057?
5
What is the hundred thousands digit of 51244822?
2
What is the billions digit of 4436013601?
4
What is the millions digit of 254999328?
4
What is the tens digit of 256226502?
0
What is the millions digit of 254654211?
4
What is the tens digit of 262364081?
8
What is the 